15 - (-3 + 3 - 1) - -5
2
Calculate -51 + (40 - 86 - -104).
7
Calculate -20462 + 20558 - (0 + -1 + -8).
105
-47 + 101 + -64 - 28
-38
Evaluate -3 - -2 - 31 - (-31 + 37 + -7).
-31
Calculate -14 + (-19 - -17) + 18 + 6 + -20.
-12
Evaluate 10 + (25 - (23 - 24 - 0)).
36
Evaluate -26 - (-9 - 61) - -12.
56
Calculate (-8 - (-94 + 46)) + -39.
1
What is the value of (50 - 68 - (2 + -26)) + 1 - (20 - -1)?
-14
-13 + 30 + 2 + -1 - (-5 - (4 - 4))
23
Calculate 66 + 40 - (-7 + 1 - (40 + -51)).
101
What is (-49 + 103 - 48) + (11 - -1)?
18
Calculate -113 - -90 - ((-5 - 10) + 8 + 6).
-22
What is the value of -76 - (-35 - 32 - 14)?
5
Calculate -4 - 5 - (-7 + -36 - (20 + -35)).
19
What is the value of -17 + (-88 - (34 - 76))?
-63
What is the value of (10 - 30) + 6 + (8 - 47)?
-53
What is 1 - -1 - (30 + -28 + 0 + (28 - 0))?
-28
Calculate (-284 - -236) + 51 + 0.
3
What is (2 - 0) + -56 + 2 + (-40 - -53) + 10?
-29
(164 - 98) + -27 - -28
67
27 + 21 - (-12 + (9 - 12 - -1))
62
Calculate 27 + (1 - 1) + -35 - 50.
-58
Calculate 0 + -3 + (8 - 10 - -3) + 38.
36
What is -2 + 72 - (-513 + 539)?
44
38 + -7 - (58 + -42) - 16
-1
18 + 53 + -64 + 40
47
Calculate (1 - 87 - -88) + 83.
85
Calculate 17 + (-10 - (40 + (-44 - -23) + -2)).
-10
Calculate (-38 - -3) + (-10 - -34) + 7 - (8 - -1).
-13
(2 - 124 - -3) + (-140 - (133 + -280))
-112
Calculate ((18 - 6) + -25 - -58) + 16.
61
(-2 + -10 + -31 + 42 - 9) + -14
-24
What is 131 + 1 + 1 + 2 + 2099 + -2088?
146
Evaluate (9 - (29 - 45 - (-26 + -8))) + -2 + -1.
-12
What is the value of -384 - -363 - (6 - (23 + 8))?
4
Calculate 149 - 28 - 39 - 36.
46
What is the value of -19 + (11 - (8 - (29 + -32)))?
-19
Calculate -4 + (-17 - -27) + 22 + -5 + 3.
26
Evaluate 96 + (-11 - (4 - (-11 - -27))).
97
-5 + 0 + -140 + 235 + -111
-21
Evaluate -15 - (-4 + -13 - (-37 + 10 - -7)).
-18
Evaluate 2 + -7 + (0 - 0) - (597 - 536 - -13).
-79
Evaluate (8 - 13) + (46 - 26).
15
Evaluate (-13 - (-26 - (-5 + 3))) + (1 - (-1 - -4)).
9
Evaluate (-5571 - -5464) + (60 - -1).
-46
What is the value of -450 + 422 + -117 + 8 + 7?
-130
What is -32 - (-60 + 12) - 55?
-39
Evaluate 25 + 16 + -15 + -47 + 147 + -11.
115
What is the value of -13 - 2 - ((-81 - -153) + -103)?
16
Calculate 22 + 23 + (-3 + (-8 - -9) - (8 + -2)).
37
What is the value of 43 + -32 - (3 + -4 + (-5 - -7))?
10
(9 - 42) + 79 + -84 + 19 + -3
-22
What is the value of 306 + -314 + 13 + 37?
42
57 - 1 - (-5411 + 5559)
-92
-702 + 741 + (-28 - 0)
11
Calculate 12 + 7 + -9 + -11 + 13 - 35.
-23
What is the value of 113 + -11 + -79 + (-56 - (4 - 1))?
-36
Calculate -31 + 10 + 36 + -10 + 5 + -5.
5
What is 14 + 16 + 14 + -45 + 17 + -8 + -16?
-8
Evaluate -2 - (-3 - -10) - 2 - (-1 + 51 + 4).
-65
What is (1098 - 1060) + -3 + -64?
-29
What is the value of 44 + -2 + -33 + 28?
37
What is (6 - (4 - (15 + -14))) + -19 + 36 - -13?
33
Calculate -99 + 53 + 35 - 14.
-25
What is -31 + (22 - -6) + (-2 - -1) - 42?
-46
Evaluate -11 + 18 - (-6 + -2 + (2 - (-108 + 17))).
-78
Calculate 9 - (5 - 4 - (-11 - (-13 - -8) - -10)).
12
What is (-27 - -23) + 11 - 40 - 29?
-62
44 + -56 - -20 - (-64 - (1 + -3))
70
Calculate 15 - (103 - 53 - 15).
-20
-12 - (56 + -65 + (88 - 0) + -4 + -3)
-84
What is the value of 0 - (39 - 31) - (0 + 3) - 73?
-84
What is the value of 14 - 31 - -15 - (-1 - -22)?
-23
Evaluate 56 + -65 + 22 + -59 + -2.
-48
Calculate -7 + 26 + -8 + (4 - 0).
15
(6 - -16 - (-53 + 77)) + -15 + 0
-17
Calculate ((-2 - (-10 - -8)) + 1 - (-17 - -24)) + 53.
47
Evaluate -79 - (-135 - -13) - (-3 + 2 + (-8 - 0)).
52
Evaluate -197 + (15 - -128) - -123.
69
What is 64 + 0 + 162 + -108?
118
Calculate (-2 - -1 - (52 + -11 + -49)) + 30 + 1.
38
What is -21 + 35 + 20 + (56 - -22)?
112
69 - (186 - (-85 - -149))
-53
What is the value of 79 - (-9 + 71 + -3)?
20
What is the value of 2 - ((-896 - -840) + (9 - (0 - 0)) - -9)?
40
Calculate -44 + 41 - (-1 + 6) - (-6 + 0 + -7).
5
5 - (25 + (-36 - -23 - -31))
-38
Calculate 45 - 0 - (-15 + 3 - -10 - -5 - 11).
53
-17 + (54 - (111 - 16))
-58
What is the value of -5 + (15 - 8) + (4 - 8)?
-2
What is (5 - (-11 + 41)) + 62?
37
What is the value of -63 + 9 + (-5 - -6) + 0 + 6 + -6?
-53
Calculate 1 + 19 - (-127 + 145).
2
23 - (-62 - -249 - 86)
-78
What is the value of 4 + -7 + 1 + -5 - (23 + -9)?
-21
Evaluate -10 + 2 + -1 - (127 - 125 - 53).
42
Evaluate -2 - (-9 + (20 - (21 - 10))).
-2
What is the value of -18 + 11 + 1 + (14 + 8 - -4)?
20
(-2 - -2 - (-1 + 47)) + (5 + -90 - -78)
-53
Evaluate -104 - (-122 + 44 + 33).
-59
What is the value of 6 - (3 - (-13 + 4 - -8 - -4))?
6
What is the value of -8 + 3 + 3 - (-69 - -87)?
-20
Calculate -4 - (78 + 3) - (115 - 110 - (16 + -9)).
-83
What is the value of 2 + 26 + -1 + -13 + (43 - (96 - 70))?
31
What is the value of (30 - 83 - 22) + -9 + (10 - 21)?
-95
What is (-31 + 7 - -7) + -1 + -3 + (665 - 676)?
-32
What is (-264 - -115) + 155 - ((1 - 3) + 33)?
-25
Calculate 35 + (-77 - -41 - -32) - 31.
0
Evaluate -9 + -59 + (35 - 9).
-42
What is the value of 45 + -16 + -42 + 47?
34
What is -82 + -11 + 61 + (17 - 2)?
-17
174 + -177 - (0 + 1 + -51 + -1)
48
Evaluate 4 + -94 + (-44 + 10 - -56).
-68
What is -92 + 121 + -32 + 0?
-3
Evaluate (28 - 87 - -86) + 73.
100
What is the value of 37 - (-16 - (-7 - (-13 - -23)))?
36
What is the value of -62 + 19 + (-27 + 12 - -45)?
-13
What is 5 + (-112 - -16) - (2 - (19 + 3))?
-71
What is -7 - (-14 + 8 - 4) - (-127 - -105)?
25
What is the value of 1 + 8 - (-22 - (-9 + -15) - -48)?
-41
Calculate 36 - ((9 - (23 + 6)) + 51) - (0 + 62).
-57
What is the value of (3 - (-2 - 1 - -6)) + 4 + (-52 - -22)?
-26
What is -1579 + 1644 + 1 + -11?
55
What is -17 - (68 - (61 + 44))?
20
Evaluate 44 - (-30 + 2 - -11).
61
Evaluate (591 - 615) + (-14 - (0 - 1)).
-37
What is the value of -44 + -25 + 137 + -146?
-78
Calculate -6 + 18 + (-8 - 1) + (8 - 8).
3
((-1 - -2) + (-1 - -4) - (26701 - 26690)) + 33
26
Evaluate (-822 - -784) + 130 + 10.
102
What is the value of (-5 - 4) + 2 - (-260 + 180 - (-9 - -1))?
65
(-7 - (8 - 18)) + (8 - -6) + 13
30
What is the value of 138 + (-115 - (-47 + -27))?
97
What is the value of (1 - -71) + (281 - 336)?
17
What is (4 - 16) + 25 - (8 + 6)?
-1
What is -23 - 2 - (81 + -95 + 7)?
-18
Evaluate -35 - (15 + 46 + -19 + 2).
-79
Evaluate (-2 - -9) + 63 + -73 - (7 - 0).
-10
What is the value of -165 - (-104 - -211 - 157)?
-115
What is the value of 4 - (-14 + -9 + (37 - 23) + (-1 - -61))?
-47
Evaluate (-37 + 25 - -15) + -4 + -20.
-21
(-4 - -97) + (-4 - -6) + -1 + 28 + -40
82
Calculate 12 + -1 + -8 - (1 + 20).
-18
Evaluate 15 + -1 + 2 + (-3 - 79) - -5.
-61
Calculate -3 + (-5 - 60) - (3 + (-9 - (-21 + 7))).
-76
What is -3 + (7 - -16) + -5 - -24?
39
Calculate 193 - 209 - (-20 + 1) - -30.
33
What is (-137 - (-4 + -6)) + 0 + 14 + (-5 - -10)?
-108
What is 424 + -368 + (2 - 2) + (-2 - 1)?
53
-33 + 34 + (-27 - -17) + 6
-3
Evaluate 26 - (113 + (156 - 157)).
-86
-9 + 12 + 16 + -18 + -15
-14
What is (-94 - -16) + 120 - (-1 + -1 + 2 - -10)?
32
9 + 0 - 8 - 45 - (25 - 35)
-34
32 + 0 - (17 + 11 - (70 - 57))
17
Evaluate 201 + -164 - 144 - (0 + -12).
-95
What is (-1 - (2 - 32 - -23)) + -13?
-7
Evaluate 11 - 130 - (-900 + 790).
-9
66 + -18 + (19 - 48)
19
Calculate 2 + -5 + 2 + -3 + 95 + -14 + 5.
82
17 - (-21 - -4 - -14) - -14
34
What is -26 + 47 + -24 - 30?
-33
What is 33 + -175 + 101 + 66 + -16?
9
Calculate (-12 - -13) + 10 + -13 + 17 + -91 + 8.
-68
What is 22 + 2 - (56 - (-124 - -165))?
9
Calculate (-3 - 1) + -27 + 3 - (43 - 45).
-26
What is -56 + (62 - -2) + 0 - (-2 + (-19 - 0))?
29
What is the value of 11 + (-114 - -37) + 35?
-31
Calculate -2784 - -2725 - (-2 + -20).
-37
Calculate (-15 - (5 + 2)) + (44 - 74) - 16.
-68
Evaluate -1 + (-18 - (20 - 43)).
4
(-139 - -8) + (0 - 3) - (-50 + -54 + 92)
-122
Evaluate (0 - (-5 - -5)) + (16 - (6 + 51)).
-41
What is the value of -37 - ((-21 - -3) + (19 - -1) + (-319 - -311))?
-31
What is -3300 - -3161 - (1 + -51)?
-89
Evaluate 23 + -6 + 1 + (829 - 803).
44
-703 + 703 + (-48 - 1) + 0 + -2 + 3
-48
What is the value of 9 - (-15 - (-14 - (10 + -2))) - -107?
109
39 - -4 - (-583 + 609)
17
Calculate 52 - (23 + 12) - (1 + 11) - -56.
61
What is 68 - (-5 - 0 - (113 + -123 + -5 + 0))?
58
Calculate (-3 - -4) + (796 - 748).
49
-8 + 2 - (-23 + (24 - 88)) - 20
61
What is (-1462 - -1446) + (-3 - -78)?
59
Calculate 27 - 18 - (-3 + -6 - -37).
-19
Evaluate -93